ve of -g**5/20 + 7*g**4/12 - 2*g**3/3 - 2*g**2 - 6*g. What is the units digit of o(5)?
6
Let q be (-1)/((-2)/(2*-9)). What is the units digit of (-6)/(-9) + (-39)/q?
5
Suppose 4*g = -5*c + 3*c + 112, -4*c = -8. What is the units digit of g?
7
Let m = 33 - 22. What is the tens digit of m + (2 - (1 - -1))?
1
Suppose 5 = 5*t - 5*b, -2*t + b + 4*b = -5. Suppose w = -2*r + 7 - 2, w + 5 = t. Suppose c = r*c - 24. What is the units digit of c?
6
Let b(z) = -z**2 + 19*z - 18. Suppose -27 = -v - 13. What is the units digit of b(v)?
2
Let b = 3 + -4. Let f(k) be the first derivative of -8*k**2 - k + 2. What is the tens digit of f(b)?
1
Let w = -70 + 227. What is the hundreds digit of w?
1
Let p = -7 + 12. Suppose -5*i + 2*n = 0, -6*n + 30 = p*i - 2*n. Suppose -a = 5*o + 22, -2*a = 5*o + 17 + i. What is the units digit of a?
3
Suppose n - 56 = -z, -2*z = -2*n - 20 - 92. Suppose -z = -3*y - y. What is the units digit of y?
4
Suppose -4 = -5*x + 3*f, -6*x + 5*x + 5*f = 8. Suppose -3*l - x*l = -275. Suppose 0 = -4*j + 5*j + 3, -5*j = 5*y - l. What is the units digit of y?
4
Suppose -2*m = -4*r + 8, 3*r - m = -4*m - 12. Suppose r = -5*j - 7 - 8. What is the units digit of (j/(-5))/(2/10)?
3
Let n = -26 + 81. What is the tens digit of n?
5
Let t = -122 + 206. What is the tens digit of t?
8
Let x(t) be the second derivative of -t**4/12 - 5*t**3/6 + 2*t. Let u be x(-4). Suppose -u = -z + 5. What is the units digit of z?
9
Let r(t) = 2*t + 2*t**2 - 2*t**2 + t**2. What is the units digit of r(-4)?
8
Suppose 4*c + w = 13, 2*c + 7*w = 3*w + 24. Let i be 0 + (1 - (-28)/c). What is the units digit of (-5)/i - 16/(-3)?
5
Suppose 3*x = 3*t - 7*t - 14, 0 = 4*x + 8. Let b = t - -4. Suppose b*o - 16 = -o - 2*u, -3*u = -o - 13. What is the units digit of o?
2
Let t be 1/(-2) - 265/(-10). What is the units digit of (5 - 8)/((-6)/t)?
3
Let z(w) = 43*w - 1. What is the units digit of z(1)?
2
Suppose -5*t + 6*h - h = -630, 0 = 5*t - 3*h - 638. Suppose 5*w - t = -45. What is the units digit of w?
7
What is the units digit of (-12)/(-8) + (-9)/(-6)?
3
Suppose -n = 2*z + 6, -5*n - 2 = -4*z - 0*n. Let q = z - 0. What is the units digit of ((-1)/q)/(1/2)?
1
Suppose x + 4 = 0, -f - 5*x = -4*f + 47. Let y(c) = c**3 - 9*c**2 + c + 10. What is the units digit of y(f)?
9
Let j(q) = -4*q**2 + 2*q + 4. Let b(f) = f**3 + 3*f**2 - f - 3. Let l(a) = 3*b(a) + 2*j(a). Suppose 4*t = 2*t + 2. What is the units digit of l(t)?
4
Suppose 66 = -r + 4*r. What is the tens digit of r?
2
Let k = 102 + -79. What is the tens digit of k?
2
Let q be (-6)/(-2) + -1 + 1. Suppose a = -2*a - q*s + 15, -a - 3*s + 11 = 0. Suppose -a*r = -3*k - 19, 0 = 4*r + k + 4*k - 71. What is the units digit of r?
4
Suppose -76 = -4*s - 2*g + 132, 4*g = 3*s - 178. What is the units digit of s?
4
Let h(w) = -w**3 + w**2 + 40. Let b be h(0). Let n = -14 + b. What is the tens digit of n?
2
Suppose 4*a + d = 3*d + 186, 5*d + 113 = 2*a. What is the units digit of a?
4
Let x(u) = -23*u - 38. What is the hundreds digit of x(-10)?
1
Suppose 47 = 3*j - 5*o, 4*o + 68 = 2*j + 2*j. Let y = 34 - j. What is the tens digit of y?
1
Let v(g) = -7*g - 9. Let l be v(-6). Suppose -5*c + 6*m = 2*m - l, 5*c - m = 27. What is the units digit of c?
5
Let w = -184 - -435. What is the units digit of w?
1
Suppose 3*f + 213 + 121 = t, -4*f + 4 = 0. What is the hundreds digit of t?
3
What is the units digit of ((-51)/(-2))/(12/8)?
7
Suppose -g = -3*t + 75, 4*g + 0*t - 3*t + 255 = 0. Let i = 43 + g. Let b = i - -27. What is the units digit of b?
0
Let o(k) = -k**3 - k - 53. Let r be o(0). Let b = -27 - r. What is the units digit of b?
6
Let v be (-133)/(-9) + 8/36. Suppose -v + 43 = 2*d. What is the tens digit of d?
1
Let p = 51 - 25. Suppose -2*c - 13 = -3*i, 0 = i + 4*i + c - p. Suppose -i*o = -43 + 3. What is the units digit of o?
8
Let l(s) = s**2 - 3*s - 14. Let r be l(6). Suppose -89 = -r*i + 67. What is the tens digit of i?
3
Suppose 3*h + 114 = 6*h. What is the tens digit of h?
3
Let a be (7 - 2)*(-4)/(-5). Suppose 0 = -q - 4*j + 7*j - 9, -3*q = a*j - 25. Suppose 15 = q*y - 0*y. What is the units digit of y?
5
Let s = 31 - -64. What is the units digit of s?
5
Suppose 0 = -5*c - 15, -7*i - 4*c - 2 = -2*i. Suppose 4*x - 16 = 0, -2*k + x = -i*x - 40. What is the units digit of k?
6
Suppose -4*s + 332 = -a, 2*s + 3*a + 258 = 5*s. What is the tens digit of s?
8
Suppose 0 = -x + 6*x - 590. What is the hundreds digit of x?
1
Let y(m) = 8*m**3 - 3*m - 4. What is the hundreds digit of y(3)?
2
Suppose -z + 27 = 2*z. Suppose -z*f + 4*f = -200. What is the tens digit of f?
4
Let u(h) = 4*h + 11. Let s be u(8). Suppose 0 = -2*b - 15 + s. What is the tens digit of b?
1
Suppose -3*a + 4 + 5 = 0. Suppose -q + 4 = a*q. What is the units digit of q?
1
Let y(i) = -3*i + 1. Let k be y(-1). Let p be (-5)/(-1)*(-3 + k). Suppose -5*n + p = -0*n. What is the units digit of n?
1
Suppose -q - 1 + 0 = 0. Let u = 9 + q. What is the units digit of u?
8
Let j(t) = -t + 15. Let g be j(0). Let r = g + -9. Let f = r - 0. What is the units digit of f?
6
Suppose 4*k - 2*b = -6*b + 4, -5*k + 21 = b. Let s(t) = k*t**2 + 3 + t**2 + 3*t + t**3 - 4*t. What is the units digit of s(-6)?
9
Let z(k) = -k**2 + 5*k - 3. Let h be z(2). Suppose -4*n + 5*a = -n - 29, 3*a + 3 = -h*n. What is the units digit of n?
3
Let k be (-78)/(-10) + 4/20. Suppose 3*z - 4 = k. What is the units digit of z?
4
Let b(r) = -4*r - 3. Let h be b(-3). Suppose -2*f = f - h. Suppose 2*j - f*q - 33 = 0, -2*j = 4*q - 4 + 6. What is the units digit of j?
9
Suppose 6*j - 58 = 14. What is the tens digit of j?
1
Let c(i) = i**3 - i**2 - i + 31. What is the units digit of c(0)?
1
Let l(z) = z**3 - 5*z**2 + z + 3. Let d(q) = q + 3. Let g be d(4). Suppose -5 = -8*w + g*w. What is the units digit of l(w)?
8
Let r(d) = -d**3 + 6*d**2 + 2*d - 3. Let n be r(6). Suppose 20 = 2*u + 4*j, -3*u - 1 - n = -2*j. Suppose -3*o + u = -36. What is the units digit of o?
2
Suppose 2*h - 3*q + 0*q - 77 = 0, 116 = 3*h - 5*q. Suppose -4 = -4*x + 44. Suppose 5*c + x = h. What is the units digit of c?
5
Suppose 4*n = 3*g, -n + 0*g - 2*g = 0. Let o = 8 - 14. Let u = n - o. What is the units digit of u?
6
Let m be (10/(-8))/(2/8). Let u = 8 + m. Suppose 5*p = -z - 14, 3*z + u*p + 4 = -2. What is the units digit of z?
1
Let i be (4/10)/(5/25). Suppose -t = -i*w + 6*w - 7, 4*t - 4*w = 108. What is the units digit of t?
3
Suppose 6*d - 132 = 2*d. Suppose -h = -2*v - 6*h - 19, h + 20 = 5*v. Suppose v*u + 2*r = -0*u + 28, -3*r = 3*u - d. What is the units digit of u?
6
Suppose -3*i = w - 3, 5*i = 5*w + 10 - 45. Let y be w/4 + 1/(-2). Suppose 0 = 2*v + y - 13. What is the units digit of v?
6
Let a(d) = 0*d**2 + 4*d**3 - d**2 - 3*d**3 + 6 - 11*d + 0. What is the units digit of a(5)?
1
Let f(p) = 10*p + 8 - 2*p**2 + 4*p**2 - p**2. Let h be f(-9). What is the tens digit of (12 - h) + 1*-2?
1
Suppose 0 = -5*w + 2035 - 545. What is the units digit of w?
8
Suppose -3*a - 12 = -6*a. Suppose -a*u = -6 - 2. What is the units digit of u?
2
Let q(k) be the third derivative of k**5/60 + k**4/12 + 3*k**2. Let g be q(-5). What is the units digit of (-3)/(-2 - g/(-9))?
9
Let a = -261 + 437. What is the hundreds digit of a?
1
Suppose -v = 4*z - 29, 3 = -z + 4*v + 6. Suppose -t + 3*k - z = -31, -3*k + 30 = 5*t. What is the units digit of t?
9
Let f be 4/(-8) - 2/4. Let z = f + 5. What is the units digit of z?
4
Let u be (-6)/4*(-70)/(-15). Let k = -6 - u. What is the tens digit of k/((-4)/2)*-28?
1
Let a(b) = b**3 + 3*b**2 + 3*b - 3. Let v be a(-3). Let r = v - -17. Let l(p) = p**2 - 3*p - 5. What is the units digit of l(r)?
5
Suppose 2*l + 680 = -0*l. What is the tens digit of (-2)/(-4) - l/8?
4
Suppose -4*o + 0*o + 20 = 0. Suppose o*k - 19 = 31. Suppose 2*m = 6*m + 2*w - k, -3*w = -m + 13. What is the units digit of m?
4
Suppose 2*t + 2*c = 72, 0 = t - 2*c - 10 - 11. What is the units digit of t?
1
Suppose 4*k - 5*h = 37 + 7, -5*h - 8 = 2*k. What is the units digit of k?
6
Let v be (-2)/(-9) - (-4)/(-18). Suppose -3*h + 3 = v, 29 = 5*r + 5*h - h. Suppose -r*o + 5*s + 9 = -6, -3*o + 9 = 5*s. What is the units digit of o?
3
Suppose 0*a - 5*a = -295. What is the units digit of a?
9
Let k(d) = 2 + 2*d**3 + 1 - d - 4 + 0. What is the tens digit of k(2)?
1
Let a = 15 - 10.